34.
2, 3, 23, 27893
List the prime factors of 18371114.
2, 9185557
What are the prime factors of 45775?
5, 1831
What are the prime factors of 9526977?
3, 117617
What are the prime factors of 304891?
509, 599
List the prime factors of 437156.
2, 293, 373
What are the prime factors of 17056311?
3, 397, 14321
List the prime factors of 220899.
3, 7, 67, 157
What are the prime factors of 7328069?
7, 1046867
What are the prime factors of 632552?
2, 37, 2137
List the prime factors of 216148.
2, 54037
List the prime factors of 183896.
2, 127, 181
What are the prime factors of 7747325?
5, 17, 18229
What are the prime factors of 6817?
17, 401
What are the prime factors of 72182?
2, 11, 17, 193
What are the prime factors of 1158103?
53, 21851
What are the prime factors of 82449?
3, 9161
List the prime factors of 5973243.
3, 37, 53813
What are the prime factors of 35298249?
3, 7, 29, 149, 389
What are the prime factors of 6051708?
2, 3, 13, 67, 193
List the prime factors of 29812391.
7, 1877, 2269
What are the prime factors of 13138184?
2, 1642273
List the prime factors of 17069051.
877, 19463
What are the prime factors of 429671?
11, 53, 67
List the prime factors of 105128.
2, 17, 773
What are the prime factors of 238279?
19, 12541
What are the prime factors of 2438761?
13, 187597
List the prime factors of 7999093.
2203, 3631
List the prime factors of 291536.
2, 7, 19, 137
List the prime factors of 292819.
292819
What are the prime factors of 2986996?
2, 746749
List the prime factors of 10054663.
47, 213929
List the prime factors of 2276605.
5, 455321
List the prime factors of 5779666.
2, 2889833
List the prime factors of 2811111.
3, 31, 167, 181
What are the prime factors of 398320?
2, 5, 13, 383
List the prime factors of 10348088.
2, 113, 11447
List the prime factors of 234587.
234587
What are the prime factors of 9553?
41, 233
What are the prime factors of 660354?
2, 3, 110059
List the prime factors of 2396811.
3, 798937
What are the prime factors of 348182?
2, 174091
List the prime factors of 21727872.
2, 3, 6287
List the prime factors of 83323.
97, 859
List the prime factors of 835772.
2, 7, 19, 1571
What are the prime factors of 3752331?
3, 11, 10337
What are the prime factors of 191147?
11, 17377
List the prime factors of 613894.
2, 306947
What are the prime factors of 17521043?
157, 111599
What are the prime factors of 452596?
2, 113149
What are the prime factors of 450890?
2, 5, 11, 4099
What are the prime factors of 3774838?
2, 1887419
List the prime factors of 919992.
2, 3, 38333
What are the prime factors of 3040501?
17, 178853
What are the prime factors of 17518883?
2113, 8291
List the prime factors of 1479258.
2, 3, 11, 31, 241
List the prime factors of 8371127.
8371127
What are the prime factors of 3742236?
2, 3, 103951
List the prime factors of 6176228.
2, 631, 2447
What are the prime factors of 6252963?
3, 37, 56333
List the prime factors of 882569.
19, 46451
List the prime factors of 5272930.
2, 5, 13, 47, 863
What are the prime factors of 21715?
5, 43, 101
What are the prime factors of 5970540?
2, 3, 5, 151, 659
List the prime factors of 2551553.
41, 62233
What are the prime factors of 112551?
3, 37517
What are the prime factors of 3843469?
7, 43, 113
What are the prime factors of 1130816?
2, 17669
List the prime factors of 187602.
2, 3, 31267
List the prime factors of 21566812.
2, 17, 317159
What are the prime factors of 436951?
17, 25703
What are the prime factors of 3076695?
3, 5, 68371
List the prime factors of 1302210.
2, 3, 5, 7, 13, 53
What are the prime factors of 239959?
23, 10433
What are the prime factors of 15816055?
5, 1559, 2029
What are the prime factors of 18558991?
11, 19, 88799
List the prime factors of 31299308.
2, 19, 411833
What are the prime factors of 36975?
3, 5, 17, 29
What are the prime factors of 1233448?
2, 154181
What are the prime factors of 2293310?
2, 5, 53, 4327
What are the prime factors of 4102962?
2, 3, 449, 1523
List the prime factors of 1211130.
2, 3, 5, 13457
List the prime factors of 379224.
2, 3, 23, 229
List the prime factors of 840562.
2, 487, 863
What are the prime factors of 2642807?
139, 19013
List the prime factors of 57769.
41, 1409
What are the prime factors of 3555991?
1181, 3011
List the prime factors of 4951906.
2, 607, 4079
List the prime factors of 5847157.
67, 197, 443
List the prime factors of 392250.
2, 3, 5, 523
What are the prime factors of 551493?
3, 29, 2113
What are the prime factors of 82267?
82267
List the prime factors of 2883453.
3, 961151
What are the prime factors of 5891307?
3, 1963769
List the prime factors of 2570744.
2, 11, 131, 223
List the prime factors of 300560.
2, 5, 13, 17
What are the prime factors of 2890175?
5, 193, 599
List the prime factors of 2516273.
2516273
What are the prime factors of 1637138?
2, 818569
What are the prime factors of 16035313?
7, 593, 3863
What are the prime factors of 27501162?
2, 3, 13, 352579
List the prime factors of 1813114.
2, 906557
What are the prime factors of 4982741?
4982741
List the prime factors of 2855049.
3, 193, 4931
List the prime factors of 1206960.
2, 3, 5, 47, 107
List the prime factors of 9762029.
17, 19, 30223
What are the prime factors of 4797402?
2, 3, 839, 953
What are the prime factors of 362771?
281, 1291
What are the prime factors of 188035?
5, 37607
What are the prime factors of 3533034?
2, 3, 588839
What are the prime factors of 4429898?
2, 11, 201359
What are the prime factors of 720371?
257, 2803
List the prime factors of 839644.
2, 13, 67, 241
What are the prime factors of 303373?
7, 19, 2281
List the prime factors of 395178.
2, 3, 7, 97
What are the prime factors of 52562?
2, 41, 641
List the prime factors of 1000937.
7, 23, 6217
List the prime factors of 1838867.
179, 10273
List the prime factors of 125888.
2, 7, 281
List the prime factors of 3371670.
2, 3, 5, 37463
What are the prime factors of 124623?
3, 61, 227
List the prime factors of 396469.
211, 1879
List the prime factors of 15839285.
5, 7, 11, 41141
What are the prime factors of 70180?
2, 5, 11, 29
What are the prime factors of 300305?
5, 17, 3533
List the prime factors of 1260785.
5, 252157
What are the prime factors of 5594807?
37, 89, 1699
What are the prime factors of 1669234?
2, 7, 17033
What are the prime factors of 8150110?
2, 5, 229, 3559
What are the prime factors of 275370?
2, 3, 5, 67, 137
What are the prime factors of 713770?
2, 5, 137, 521
What are the prime factors of 8052547?
1861, 4327
List the prime factors of 911307.
3, 31, 41, 239
What are the prime factors of 6683605?
5, 233, 5737
List the prime factors of 38437.
7, 17, 19
What are the prime factors of 1765482?
2, 3, 294247
List the prime factors of 22967.
7, 17, 193
What are the prime factors of 817626?
2, 3, 29, 37, 127
List the prime factors of 14979247.
14979247
What are the prime factors of 158346?
2, 3, 19, 463
What are the prime factors of 4738380?
2, 3, 5, 151, 523
What are the prime factors of 27292206?
2, 3, 89, 51109
List the prime factors of 2159636.
2, 59, 9151
What are the prime factors of 5716129?
353, 16193
What are the prime factors of 433524?
2, 3, 7, 13, 397
What are the prime factors of 8856742?
2, 911, 4861
List the prime factors of 88868.
2, 13, 1709
List the prime factors of 1006139.
67, 15017
What are the prime factors of 2940734?
2, 23, 63929
What are the prime factors of 65819?
13, 61, 83
List the prime factors of 18959785.
5, 13, 291689
List the prime factors of 3675902.
2, 659, 2789
List the prime factors of 1648781.
1648781
What are the prime factors of 14175672?
2, 3, 7, 19, 4441
What are the prime factors of 837476?
2, 23, 9103
List the prime factors of 1453995.
3, 5, 79, 409
List the prime factors of 1308020.
2, 5, 7, 9343
What are the prime factors of 8651?
41, 211
List the prime factors of 9784098.
2, 3, 409, 443
What are the prime factors of 1588163?
1588163
What are the prime factors of 77900?
2, 5, 19, 41
List the prime factors of 493301.
493301
What are the prime factors of 20874273?
3, 7, 994013
List the prime factors of 79608.
2, 3, 31, 107
List the prime factors of 5573241.
3, 239, 2591
List the prime factors of 752737.
197, 3821
What are the prime factors of 3962646?
2, 3, 220147
List the prime factors of 625199.
625199
What